{"id":256,"date":"2018-11-26T09:22:45","date_gmt":"2018-11-26T09:22:45","guid":{"rendered":"http:\/\/genome4care.com\/?page_id=256"},"modified":"2020-09-24T17:07:35","modified_gmt":"2020-09-24T17:07:35","slug":"envio-de-muestras","status":"publish","type":"page","link":"https:\/\/www.genome4.com\/identity\/envio-de-muestras\/","title":{"rendered":"Env\u00edo de Muestras"},"content":{"rendered":"<p>[vc_row css_animation=\u00bb\u00bb row_type=\u00bbrow\u00bb use_row_as_full_screen_section=\u00bbno\u00bb type=\u00bbgrid\u00bb angled_section=\u00bbno\u00bb text_align=\u00bbleft\u00bb background_image_as_pattern=\u00bbwithout_pattern\u00bb z_index=\u00bb\u00bb el_class=\u00bban_fila_envios\u00bb][vc_column][vc_empty_space height=\u00bb100px\u00bb][vc_column_text]El proceso para solicitar una prueba de ADN y el env\u00edo de muestras es muy sencillo, siga los pasos mostrados y cont\u00e1ctenos mediante los canales incluidos en esta p\u00e1gina en cualquier momento de surgirles alguna duda.<\/p>\n<p>&nbsp;<\/p>\n<p>Si tiene cualquier duda, puede preguntarnos a trav\u00e9s de la misma direcci\u00f3n de correo electr\u00f3nico o llamando al mismo n\u00famero de tel\u00e9fono indicados en la secci\u00f3n de <a href=\"https:\/\/www.genome4.com\/identity\/contacto\/\"><b>Contacto<\/b><\/a>. Resolveremos en el momento cualquier duda que puedan tener sobre el proceso.[\/vc_column_text][vc_empty_space height=\u00bb50px\u00bb][vc_empty_space height=\u00bb50px\u00bb][vc_row_inner row_type=\u00bbrow\u00bb type=\u00bbfull_width\u00bb text_align=\u00bbleft\u00bb css_animation=\u00bb\u00bb][vc_column_inner width=\u00bb1\/3&#8243;][vc_single_image image=\u00bb3865&#8243; img_size=\u00bbfull\u00bb qode_css_animation=\u00bb\u00bb][vc_empty_space height=\u00bb50px\u00bb][\/vc_column_inner][vc_column_inner width=\u00bb1\/3&#8243;][vc_single_image image=\u00bb3867&#8243; img_size=\u00bbfull\u00bb qode_css_animation=\u00bb\u00bb][vc_empty_space height=\u00bb50px\u00bb][\/vc_column_inner][vc_column_inner width=\u00bb1\/3&#8243;][vc_single_image image=\u00bb3869&#8243; img_size=\u00bbfull\u00bb qode_css_animation=\u00bb\u00bb][vc_empty_space height=\u00bb50px\u00bb][\/vc_column_inner][\/vc_row_inner][vc_row_inner row_type=\u00bbrow\u00bb type=\u00bbfull_width\u00bb text_align=\u00bbleft\u00bb css_animation=\u00bb\u00bb][vc_column_inner width=\u00bb1\/3&#8243;][vc_single_image image=\u00bb3859&#8243; img_size=\u00bbfull\u00bb qode_css_animation=\u00bb\u00bb][vc_empty_space height=\u00bb50px\u00bb][\/vc_column_inner][vc_column_inner width=\u00bb1\/3&#8243;][vc_single_image image=\u00bb3892&#8243; img_size=\u00bbfull\u00bb qode_css_animation=\u00bb\u00bb][vc_empty_space height=\u00bb50px\u00bb][\/vc_column_inner][vc_column_inner width=\u00bb1\/3&#8243;][vc_single_image image=\u00bb3863&#8243; img_size=\u00bbfull\u00bb qode_css_animation=\u00bb\u00bb][vc_empty_space height=\u00bb50px\u00bb][\/vc_column_inner][\/vc_row_inner][vc_empty_space height=\u00bb50px\u00bb]<div class=\"qode-accordion-holder clearfix qode-toggle qode-initial \">\n\t<h4 class=\"clearfix qode-title-holder\">\n<span class=\"qode-tab-title\">\n\t\t\t<span class=\"qode-tab-title-icon\">\n\t\t\t<i class=\"qode_icon_font_awesome fa fa-angle-down \" ><\/i>\t\t<\/span>\n\t    <span class=\"qode-tab-title-inner\">\n        \u00bfQu\u00e9 tipo de muestra es necesaria para un an\u00e1lisis gen\u00e9tico-forense?    <\/span>\n<\/span>\n<span class=\"qode-accordion-mark\">\n    <span class=\"qode-accordion-mark-icon\">\n        <span class=\"icon_plus\"><\/span>\n        <span class=\"icon_minus-06\"><\/span>\n    <\/span>\n<\/span>\n<\/h4>\n<div  class=\"qode-accordion-content qode-acc-title-with-icon\" >\n    <div class=\"qode-accordion-content-inner\">\n        [vc_column_text]Cualquier tipo de muestra biol\u00f3gica puede contener ADN y por tanto, puede ser usada para nuestros an\u00e1lisis, desde sangre a semen sobre casi cualquier soporte.<\/p>\n<p>Pero la forma menos invasiva y m\u00e1s duradera de toma de muestra biol\u00f3gica es el hisopo de mucosa oral, m\u00e1s conocido como muestra de saliva. Esta es lamuestra que nosotros recomendamos.[\/vc_column_text]    <\/div>\n<\/div><\/div><div class=\"qode-accordion-holder clearfix qode-toggle qode-initial \">\n\t<h4 class=\"clearfix qode-title-holder\">\n<span class=\"qode-tab-title\">\n\t\t\t<span class=\"qode-tab-title-icon\">\n\t\t\t<i class=\"qode_icon_font_awesome fa fa-angle-down \" ><\/i>\t\t<\/span>\n\t    <span class=\"qode-tab-title-inner\">\n        \u00bfComo puedo tomar la muestra para la prueba de ADN?    <\/span>\n<\/span>\n<span class=\"qode-accordion-mark\">\n    <span class=\"qode-accordion-mark-icon\">\n        <span class=\"icon_plus\"><\/span>\n        <span class=\"icon_minus-06\"><\/span>\n    <\/span>\n<\/span>\n<\/h4>\n<div  class=\"qode-accordion-content qode-acc-title-with-icon\" >\n    <div class=\"qode-accordion-content-inner\">\n        [vc_column_text]Sea cual sea la muestra, esta debe estar debidamente identificada antes del env\u00edo con el nombre completo del donante. En el caso de hisopo de mucosa oral, el nombre del donante debe ser indicado en la etiqueta situada en el exterior de la cubierta del hisopo en el lugar ya indicado para ello en el envase. Es recomendable que rotulen el hisopo de cada persona antes de la tma de muestra.<br \/>\nPara tomar una muestra de mucosa oral mediante hisopado siga estas sencillas instrucciones:<\/p>\n<p>1: Aseg\u00farense de no consumir alimentos, sobre todo caf\u00e9 al menos media hora antes de la toma de muestra.<\/p>\n<p>2: Rompan ahora el sello del hisopo mediante un movimiento de giro y retiren el hisopo de toma de muestra del envase.<\/p>\n<p>3: Ahora, procedan a frotar la punta de algod\u00f3n del hisopo contra la cara interna de las mejillas, realizando hasta 20 pasadas girando el hisopo a la vez que se frota contra la mucosa.<\/p>\n<p>4: Secado del hisopo. Una vez terminada la toma de muestra, coloquen el hisopo de nuevo dentro de la cubierta protectora sin llegar a cerrarla, de forma que el aire circule y hisopo pueda secarse.<\/p>\n<p>5: Tras una hora de secado, el hisopo puede cerrarse por completo y estar\u00e1 listo para ser enviado.[\/vc_column_text]    <\/div>\n<\/div><\/div><div class=\"qode-accordion-holder clearfix qode-toggle qode-initial \">\n\t<h4 class=\"clearfix qode-title-holder\">\n<span class=\"qode-tab-title\">\n\t\t\t<span class=\"qode-tab-title-icon\">\n\t\t\t<i class=\"qode_icon_font_awesome fa fa-angle-down \" ><\/i>\t\t<\/span>\n\t    <span class=\"qode-tab-title-inner\">\n        \u00bfC\u00f3mo enviar las muestras necesarias para un an\u00e1lisis gen\u00e9tico-forense?    <\/span>\n<\/span>\n<span class=\"qode-accordion-mark\">\n    <span class=\"qode-accordion-mark-icon\">\n        <span class=\"icon_plus\"><\/span>\n        <span class=\"icon_minus-06\"><\/span>\n    <\/span>\n<\/span>\n<\/h4>\n<div  class=\"qode-accordion-content qode-acc-title-with-icon\" >\n    <div class=\"qode-accordion-content-inner\">\n        [vc_column_text]Recomendamos, en caso de que sea posible, enviar dos muestras por persona, debidamente rotuladas como nombre-muestra 1 y nombre-muestra 2. Las muestras deben introducirse en un sobre o paquete acolchado y ser enviadas por correo certificado o servicio de mensajer\u00eda a la siguiente direcci\u00f3n de envio:<\/p>\n<p><strong>Dra. Sonia Fondevila<\/strong><br \/>\n<strong>GENOME4IDENTITY SL<\/strong><br \/>\n<strong>Edificio CIMUS \u2013 Universidade de Santiago de Compostela<\/strong><br \/>\n<strong>LABORATORIO P2L9<\/strong><br \/>\n<strong>Avenida de Barcelona S\/N<\/strong><br \/>\n<strong>15706 Santiago de Compostela (Espa\u00f1a)<\/strong><\/p>\n<p>Han de incluir en el env\u00edo una copia impresa de la solicitud de prueba de ADN que puede encontrar m\u00e1s abajo en esta misma p\u00e1gina.[\/vc_column_text]    <\/div>\n<\/div><\/div><div class=\"qode-accordion-holder clearfix qode-toggle qode-initial \">\n\t<h4 class=\"clearfix qode-title-holder\">\n<span class=\"qode-tab-title\">\n\t\t\t<span class=\"qode-tab-title-icon\">\n\t\t\t<i class=\"qode_icon_font_awesome fa fa-angle-down \" ><\/i>\t\t<\/span>\n\t    <span class=\"qode-tab-title-inner\">\n        \u00bfPuedo acudir en persona al laboratorio de Genome4Identity para la toma de muestra?    <\/span>\n<\/span>\n<span class=\"qode-accordion-mark\">\n    <span class=\"qode-accordion-mark-icon\">\n        <span class=\"icon_plus\"><\/span>\n        <span class=\"icon_minus-06\"><\/span>\n    <\/span>\n<\/span>\n<\/h4>\n<div  class=\"qode-accordion-content qode-acc-title-with-icon\" >\n    <div class=\"qode-accordion-content-inner\">\n        [vc_column_text]Por supuesto, pueden ustedes acudir en persona a nuestras dependencias para que nuestro personal les tome la muestra biol\u00f3gica para la realizaci\u00f3n de la prueba de ADN y les ayude a cubrir la solicitud de prueba.<\/p>\n<p>Para ello, contancten con nuestro personal mediante nuestos canales habituales, tel\u00e9fono, correo electr\u00f3nico o formulario web y les daremos cita para la toma de muestra.[\/vc_column_text]    <\/div>\n<\/div><\/div><div class=\"qode-accordion-holder clearfix qode-toggle qode-initial \">\n\t<h4 class=\"clearfix qode-title-holder\">\n<span class=\"qode-tab-title\">\n\t\t\t<span class=\"qode-tab-title-icon\">\n\t\t\t<i class=\"qode_icon_font_awesome fa fa-angle-down \" ><\/i>\t\t<\/span>\n\t    <span class=\"qode-tab-title-inner\">\n        \u00bfQu\u00e9 tipo de muestra es necesaria para un an\u00e1lisis gen\u00e9tico-forense post mortem?    <\/span>\n<\/span>\n<span class=\"qode-accordion-mark\">\n    <span class=\"qode-accordion-mark-icon\">\n        <span class=\"icon_plus\"><\/span>\n        <span class=\"icon_minus-06\"><\/span>\n    <\/span>\n<\/span>\n<\/h4>\n<div  class=\"qode-accordion-content qode-acc-title-with-icon\" >\n    <div class=\"qode-accordion-content-inner\">\n        [vc_column_text]En principio, cualquier muestra de tejido adecuadamente preservada puede ser usada para un an\u00e1lisis genetico-forense postmortem. Sangre, m\u00fasculo, tejido biopsiado, preparaciones microsc\u00f3picas, tejido parafinado, huesos o dientes, todos ellos pueden ser usados con \u00e9xito.<\/p>\n<p>En caso de que deseen realizar una prueba gen\u00e9tico forense post-mortem de cualquier tipo, contacten con nosotros por los canales expuestos y les indicaremos como proceder con todos los tramites.[\/vc_column_text]    <\/div>\n<\/div><\/div>[vc_empty_space height=\u00bb50px\u00bb][vc_column_text]<\/p>\n<h2>Descarga de formularios<\/h2>\n<p>[\/vc_column_text][vc_empty_space height=\u00bb50px\u00bb][vc_raw_html]JTNDZGl2JTIwY2xhc3MlM0QlMjJxX2ljb25fbGlzdCUyMiUzRSUzQ2klMjBjbGFzcyUzRCUyMnFvZGVfaWNvbl9mb250X2F3ZXNvbWUlMjBmYSUyMGZhLWZpbGUtcGRmLW8lMjBxb2RlLWlsaS1pY29uLWhvbGRlciUyMGNpcmNsZSUyMiUyMHN0eWxlJTNEJTIyZm9udC1zaXplJTNBJTIwMzJweCUzQmNvbG9yJTNBJTIwJTIzNDUzMTdjJTNCYmFja2dyb3VuZC1jb2xvciUzQSUyMCUyM2ZmZmZmZiUzQmJvcmRlci1jb2xvciUzQSUyM2ZmZmZmZiUzQmJvcmRlci1zdHlsZSUzQXNvbGlkJTNCYm9yZGVyLXdpZHRoJTNBMXB4JTNCJTIyJTNFJTNDJTJGaSUzRSUzQ3AlMjBzdHlsZSUzRCUyMmNvbG9yJTNBJTIzMDAwMDAwJTNCJTIyJTNFJTNDYSUyMGhyZWYlM0QlMjJodHRwcyUzQSUyRiUyRnd3dy5nZW5vbWU0LmNvbSUyRmlkZW50aXR5JTJGd3AtY29udGVudCUyRnVwbG9hZHMlMkYyMDIwJTJGMDglMkZEb2N1bWVudGFjaW9uLW11ZXN0cmFzLXBhdGVybmlkYWQteS1wYXJlbnRlc2NvLUdlbm9tZTRJZGVudGl0eS5wZGYlMjIlM0VTb2xpY2l0dWQlMjBkZSUyMGFuJUMzJUExbGlzaXMlMjBkZSUyMHBhdGVybmlkYWQlMjB5JTIwcGFyZW50ZXNjbyUzQyUyRmElM0UlM0MlMkZwJTNFJTNDJTJGZGl2JTNFJTBBJTI2bmJzcCUzQiUwQSUzQ2RpdiUyMGNsYXNzJTNEJTIycV9pY29uX2xpc3QlMjIlM0UlM0NpJTIwY2xhc3MlM0QlMjJxb2RlX2ljb25fZm9udF9hd2Vzb21lJTIwZmElMjBmYS1maWxlLXBkZi1vJTIwcW9kZS1pbGktaWNvbi1ob2xkZXIlMjBjaXJjbGUlMjIlMjBzdHlsZSUzRCUyMmZvbnQtc2l6ZSUzQSUyMDMycHglM0Jjb2xvciUzQSUyMCUyMzQ1MzE3YyUzQmJhY2tncm91bmQtY29sb3IlM0ElMjAlMjNmZmZmZmYlM0Jib3JkZXItY29sb3IlM0ElMjNmZmZmZmYlM0Jib3JkZXItc3R5bGUlM0Fzb2xpZCUzQmJvcmRlci13aWR0aCUzQTFweCUzQiUyMiUzRSUzQyUyRmklM0UlM0NwJTIwc3R5bGUlM0QlMjJjb2xvciUzQSUyMzAwMDAwMCUzQiUyMiUzRSUzQ2ElMjBocmVmJTNEJTIyaHR0cHMlM0ElMkYlMkZ3d3cuZ2Vub21lNC5jb20lMkZpZGVudGl0eSUyRndwLWNvbnRlbnQlMkZ1cGxvYWRzJTJGMjAyMCUyRjA4JTJGRG9jdW1lbnRhY2lvbi1tdWVzdHJhcy1hcnF1ZW9sb2dpY2FzLUc0SS5wZGYlMjIlM0VTb2xpY2l0dWQlMjBkZSUyMGFuJUMzJUExbGlzaXMlMjBkZSUyMG11ZXN0cmFzJTIwYXJxdWVvbCVDMyVCM2dpY2FzJTNDJTJGYSUzRSUzQyUyRnAlM0UlM0MlMkZkaXYlM0UlMEElMjZuYnNwJTNCJTBBJTNDZGl2JTIwY2xhc3MlM0QlMjJxX2ljb25fbGlzdCUyMiUzRSUzQ2klMjBjbGFzcyUzRCUyMnFvZGVfaWNvbl9mb250X2F3ZXNvbWUlMjBmYSUyMGZhLWZpbGUtcGRmLW8lMjBxb2RlLWlsaS1pY29uLWhvbGRlciUyMGNpcmNsZSUyMiUyMHN0eWxlJTNEJTIyZm9udC1zaXplJTNBJTIwMzJweCUzQmNvbG9yJTNBJTIwJTIzNDUzMTdjJTNCYmFja2dyb3VuZC1jb2xvciUzQSUyMCUyM2ZmZmZmZiUzQmJvcmRlci1jb2xvciUzQSUyM2ZmZmZmZiUzQmJvcmRlci1zdHlsZSUzQXNvbGlkJTNCYm9yZGVyLXdpZHRoJTNBMXB4JTNCJTIyJTNFJTNDJTJGaSUzRSUzQ3AlMjBzdHlsZSUzRCUyMmNvbG9yJTNBJTIzMDAwMDAwJTNCJTIyJTNFJTNDYSUyMGhyZWYlM0QlMjJodHRwcyUzQSUyRiUyRnd3dy5nZW5vbWU0LmNvbSUyRmlkZW50aXR5JTJGd3AtY29udGVudCUyRnVwbG9hZHMlMkYyMDIwJTJGMDglMkZJbmZvcm1lLW11ZXN0cmFzLWNhZGF2ZXJpY2FzLUdlbm9tZTRJZGVudGl0eS5wZGYlMjIlM0VTb2xpY2l0dWQlMjBkZSUyMGFuJUMzJUExbGlzaXMlMjBkZSUyMG11ZXN0cmFzJTIwbXVlc3RyYXMlMjBjYWRhdiVDMyVBOXJpY2FzJTNDJTJGYSUzRSUzQyUyRnAlM0UlM0MlMkZkaXYlM0U=[\/vc_raw_html][vc_empty_space height=\u00bb50px\u00bb][\/vc_column][\/vc_row]<\/p>\n","protected":false},"excerpt":{"rendered":"<p>[vc_row css_animation=\u00bb\u00bb row_type=\u00bbrow\u00bb use_row_as_full_screen_section=\u00bbno\u00bb type=\u00bbgrid\u00bb angled_section=\u00bbno\u00bb text_align=\u00bbleft\u00bb background_image_as_pattern=\u00bbwithout_pattern\u00bb z_index=\u00bb\u00bb el_class=\u00bban_fila_envios\u00bb][vc_column][vc_empty_space height=\u00bb100px\u00bb][vc_column_text]El proceso para solicitar una prueba de ADN y el env\u00edo de muestras es muy sencillo, siga los pasos mostrados y cont\u00e1ctenos mediante los canales incluidos en esta p\u00e1gina en cualquier momento de surgirles alguna&#8230;<\/p>\n","protected":false},"author":1,"featured_media":3642,"parent":0,"menu_order":0,"comment_status":"closed","ping_status":"closed","template":"","meta":[],"_links":{"self":[{"href":"https:\/\/www.genome4.com\/identity\/wp-json\/wp\/v2\/pages\/256"}],"collection":[{"href":"https:\/\/www.genome4.com\/identity\/wp-json\/wp\/v2\/pages"}],"about":[{"href":"https:\/\/www.genome4.com\/identity\/wp-json\/wp\/v2\/types\/page"}],"author":[{"embeddable":true,"href":"https:\/\/www.genome4.com\/identity\/wp-json\/wp\/v2\/users\/1"}],"replies":[{"embeddable":true,"href":"https:\/\/www.genome4.com\/identity\/wp-json\/wp\/v2\/comments?post=256"}],"version-history":[{"count":61,"href":"https:\/\/www.genome4.com\/identity\/wp-json\/wp\/v2\/pages\/256\/revisions"}],"predecessor-version":[{"id":3956,"href":"https:\/\/www.genome4.com\/identity\/wp-json\/wp\/v2\/pages\/256\/revisions\/3956"}],"wp:featuredmedia":[{"embeddable":true,"href":"https:\/\/www.genome4.com\/identity\/wp-json\/wp\/v2\/media\/3642"}],"wp:attachment":[{"href":"https:\/\/www.genome4.com\/identity\/wp-json\/wp\/v2\/media?parent=256"}],"curies":[{"name":"wp","href":"https:\/\/api.w.org\/{rel}","templated":true}]}}